33. Calculate the remainder when 34 is divided by j.
10
Suppose 4*s + 0*s = 116. Let l = 56 - s. What is the remainder when 106 is divided by l?
25
Let f be (5 - 2)*(-1 + 2). Suppose -f*s - s = -72. Calculate the remainder when 71 is divided by s.
17
Suppose 4*b = 5*q - 24, -2*q - 3*b = -41 + 13. What is the remainder when 0/(-2) - 21/(-1) is divided by q?
5
Let m = 0 - -4. Suppose 5*s = -5*w + 45, 18 = -2*w + m*w - 5*s. Calculate the remainder when 24 is divided by w.
6
Suppose 5*j - 10 = -4*w, -2*w + 3*w = 3*j - 23. Suppose -9 = -0*r + 2*r + b, 3*r + 4*b + 11 = 0. Let o = j - r. What is the remainder when 20 is divided by o?
9
What is the remainder when 3 is divided by ((-1)/(-3))/(3/9)?
0
Suppose -5*s + 21 = -4*s. Suppose 4*z = 20, 0 = -h - h + 3*z + s. What is the remainder when 70 is divided by h?
16
Let g be (-3 - -3) + (-9)/(-3). Suppose 4*t - 5*r - 93 - 33 = 0, 0 = 4*t - g*r - 122. Calculate the remainder when t is divided by 10.
9
Let l(h) = h**2 + 7*h + 25. Calculate the remainder when l(-4) is divided by 8.
5
Let r = -1 - -4. Suppose -3 = -2*t + 4*s - 9, -2*s = 2*t - 18. What is the remainder when t is divided by r?
2
Suppose 2*x + 2*x + 5*z - 21 = 0, -x - z = -5. Suppose -3*c + 3*l = -18, -4*c + 34 - 5 = l. What is the remainder when c is divided by x?
3
Suppose 0 + 14 = -u. Let h = 25 + u. Suppose -2*y - 2*y + h = z, 0 = 2*z - 4*y - 22. Calculate the remainder when z is divided by 6.
5
Let m(s) = -s**2 + 6*s - 4. Let c be m(3). Suppose c*v - 5*w - 11 = 49, v + 2*w - 18 = 0. What is the remainder when 41 is divided by v?
13
Suppose 0 = -4*o - o + 175. Calculate the remainder when o is divided by 9.
8
Suppose -u - 11 = -2*s - 1, u + 2 = 0. Let h(c) = -c**2 + 10*c - 4. What is the remainder when 38 is divided by h(s)?
18
Let v be (-1)/5 - (-234)/45. Suppose 0*c - 2*c - v*h + 2 = 0, 0 = -2*c + 3*h + 18. Calculate the remainder when 9 is divided by c.
3
Let f = 31 + -12. Calculate the remainder when 73 is divided by f.
16
Suppose 4*l + 11 - 3 = g, 0 = -3*g + l + 46. Calculate the remainder when 110 is divided by g.
14
Suppose 0 = -5*h + h + 104. What is the remainder when h is divided by 15?
11
Let f = 17 - 7. Calculate the remainder when 28 is divided by f.
8
Let o(w) = -w**2 - 8*w - 1. Let x be o(-6). Suppose -l = -2 - x. Suppose 3*p - 13 = 62. What is the remainder when p is divided by l?
12
Let c = 9 + -6. Let j be (-6)/c + 0 - -2. Suppose h = -0*h - x + 47, j = -3*h + 2*x + 156. What is the remainder when h is divided by 17?
16
Suppose -3*u - 2*u + 83 = 4*g, 0 = 2*u - 5*g - 20. Let i = 5 + u. What is the remainder when i is divided by 7?
6
Suppose 29 = t + 2*r, 3*t - 4*r - 78 = 29. Calculate the remainder when t is divided by 7.
5
Suppose 4*q + 0*q - 112 = 0. Calculate the remainder when q is divided by 16.
12
Let m = 0 - -2. Let q(z) = -z + 10. What is the remainder when q(8) is divided by m?
0
Let x(r) = -9*r. Suppose 0 = -2*p - 2*p - 4. What is the remainder when 25 is divided by x(p)?
7
Suppose 7*n - 2*n = 10. Suppose 32 = c + c + 4*j, 3*c + n*j = 32. What is the remainder when 22 is divided by c?
6
Calculate the remainder when 12 is divided by ((-1)/2)/(1/(-16)).
4
Suppose 0*t = -3*t + 15. Calculate the remainder when 12 is divided by t.
2
Let c = -15 - -26. Suppose 0*a - a + c = 0. What is the remainder when 20 is divided by a?
9
Let c = 0 - -4. Suppose -2*d = -4*f - 62, -c*f + 63 = -2*d + 5*d. What is the remainder when d is divided by 14?
11
Let x = -79 + -20. Let w be 1125/(-20) + (-2)/(-8). Let n = w - x. What is the remainder when n is divided by 15?
13
Let h = -128 - -144. Calculate the remainder when 95 is divided by h.
15
Suppose 0 = -n - 2*n + 12. What is the remainder when n is divided by 2?
0
Let w(o) = 2*o**2 + 6 + 8*o - 3*o**2 - 5. Suppose 3*k + 2*k - 245 = 0. Calculate the remainder when k is divided by w(6).
10
Suppose 0 = -2*r, -5*r - 2 = -0*k - k. What is the remainder when 7 is divided by k?
1
Suppose -l + 2 = -3*l. Calculate the remainder when 42/(-4)*(-40)/12 is divided by ((-15)/(-10))/(l/(-12)).
17
Let l(d) = -d**2 + 70. Calculate the remainder when l(0) is divided by 24.
22
What is the remainder when 862/22 + 4/(-22) is divided by 14?
11
Let t be (4/2)/(3 - 1). Let l be 1*12*(-6)/(-18). Let v = l - t. What is the remainder when 4 is divided by v?
1
Suppose -4*k + 8 = -76. Let w(d) = 7*d**2 + d - 4. What is the remainder when w(3) is divided by k?
20
Let y(i) = i**3 - 5*i**2 + 2*i + 3. Let h be y(3). Let j(o) = -3*o + 4. Calculate the remainder when 61 is divided by j(h).
30
Let w(o) be the third derivative of -o**6/120 - o**5/20 - 5*o**4/24 - 2*o**3/3 + 2*o**2. What is the remainder when w(-3) is divided by (1 - -2)*(-4)/(-3)?
3
Suppose 4*l - 32 = -4*q, -30 = -3*l - 4*q - q. Suppose 5*a - 1 = 14. Calculate the remainder when l is divided by a.
2
Suppose 0 = -3*d - 4*l + 211 + 94, -2*d = -3*l - 175. Calculate the remainder when d is divided by 32.
31
What is the remainder when 59 is divided by (1/3)/(9/27) + 9?
9
Suppose -22*u - 39 + 281 = 0. Suppose 10 + 0 = -3*d - 2*j, -3*j - 17 = 5*d. What is the remainder when u is divided by (-2)/4 - 26/d?
5
Let z = -32 + 20. Calculate the remainder when 36 is divided by (52/z)/(3/(-9)).
10
Let t(k) = -2*k + 2*k + 6 + k - k**3 + 0*k. Calculate the remainder when 16 is divided by t(0).
4
Calculate the remainder when 198 is divided by -14*(-6 - -3) + -2.
38
Let h(y) = -y**3 + y**2 + y - 1. Let w(d) = 7*d**3 - 14*d**2 + 4*d. Let v(s) = -6*h(s) - w(s). Calculate the remainder when 34 is divided by v(6).
16
Let m = 9 + 3. Suppose 3*s - 393 = -0*s - 4*h, -3*s = 5*h - 396. Suppose 2*r = -4*y + 128, 13 = -3*y + 3*r + s. What is the remainder when y is divided by m?
10
Suppose -4*a = -3*g + 388, -4*g - 4*a = -9*g + 652. What is the remainder when g is divided by 27?
24
Suppose 0 = 5*p - 31 - 89. Let s = 25 - p. Calculate the remainder when 2 is divided by s.
0
Let u(n) = -n**2 + 9*n - 3. What is the remainder when 59 is divided by u(6)?
14
Let f be 7/(-2 - 21/(-9)). Calculate the remainder when 26 is divided by (-2)/(0 + (-3)/f).
12
Let m = -125 - -154. Calculate the remainder when m is divided by 16.
13
Suppose -102*r - 72 = -104*r. Calculate the remainder when r is divided by 21.
15
Suppose 0 = -3*s + 2 + 7. Suppose s*j = 1 + 14. Let f = 2 - -1. Calculate the remainder when j is divided by f.
2
Suppose 2*u + 36 = -h - h, -h + 28 = -u. Let l = 37 + u. What is the remainder when l is divided by 4?
2
Let i(d) = -d**3 + 6*d**2 + d + 3. Suppose -5*t - 4 = -7*t. Suppose -20 = -t*v - 3*v. What is the remainder when i(6) is divided by v?
1
Let n = 74 + -72. What is the remainder when n is divided by 1?
0
Let j = 230 + -222. Suppose 0 = 4*f - 3*f - 15. Calculate the remainder when f is divided by j.
7
Suppose -2*a + 4*k + 35 = -9, 0 = -3*a - k + 80. Let j = -34 - -49. What is the remainder when a is divided by j?
11
Let m be (-4)/(-22) + (-2622)/22. Let g be m/(-35) + (-4)/10. Calculate the remainder when 15 is divided by 1 + 3*g/3.
3
Suppose -5*s - a + 247 = 0, 4*a + a = -5*s + 235. What is the remainder when s is divided by 18?
14
Let x = -21 - -26. Suppose 2*v - 20 = -y - y, 2*v - 7 = -y. What is the remainder when y is divided by x?
3
Suppose 7 = 3*f - 4*f. Let k = 7 - f. Calculate the remainder when 41 is divided by k.
13
Let f = 5 - 3. Suppose -f*i + 164 = 2*i. Let r(b) = -3*b + 2. What is the remainder when i is divided by r(-4)?
13
Suppose 0 = -5*t + 30 + 155. What is the remainder when t is divided by 19?
18
Let z(a) = 20*a - 1. Suppose -2*p + 10 = -18. Calculate the remainder when z(2) is divided by p.
11
Suppose 3*d - 2*f = -0*d + 8, 5*d - 5*f - 20 = 0. Calculate the remainder when -2 - (-36 - 0/2) is divided by 2*(-2 - -8) + d.
10
Suppose 14 + 16 = -3*t. Calculate the remainder when 5/1*(-6)/t is divided by 1.
0
Suppose -4*w = -w - 39. Let s be 1*(-2 + 3)*3. Suppose s*i - 16 = -0*i + y, 2*i + 3*y - 29 = 0. Calculate the remainder when w is divided by i.
6
Calculate the remainder when 27 is divided by 0 + 3 - 132/(-33).
6
Suppose b = 4*b - 108. What is the remainder when b is divided by (2 - (2 - 2)) + 17?
17
Suppose -30 = 3*m - 99. What is the remainder when m is divided by 8?
7
Suppose -2*p = -5*p. Suppose 2*g - 1 - 5 = p. Suppose -r = g*r - 16. Calculate the rem